{"id":14,"date":"2024-11-07T11:09:56","date_gmt":"2024-11-07T11:09:56","guid":{"rendered":"https:\/\/eeglannach.at\/?page_id=14"},"modified":"2026-02-27T05:51:28","modified_gmt":"2026-02-27T05:51:28","slug":"startseite","status":"publish","type":"page","link":"https:\/\/eeglannach.at\/","title":{"rendered":"Startseite"},"content":{"rendered":"\n<div class=\"wp-block-cover alignfull\" style=\"min-height:720px;aspect-ratio:unset;\"><span aria-hidden=\"true\" class=\"wp-block-cover__background has-background-dim-100 has-background-dim has-background-gradient\" style=\"background:linear-gradient(35deg,rgb(0,195,177) 0%,rgb(168,209,61) 73%,rgb(127,203,76) 100%)\"><\/span><div class=\"wp-block-cover__inner-container is-layout-flow wp-block-cover-is-layout-flow\">\n<div class=\"inherit-container-width wp-block-group alignwide is-layout-constrained wp-block-group-is-layout-constrained\">\n<div class=\"wp-block-media-text alignwide has-media-on-the-right is-stacked-on-mobile is-vertically-aligned-center\" style=\"grid-template-columns:auto 36%\"><div class=\"wp-block-media-text__content\">\n<h1 class=\"wp-block-heading has-text-align-left has-white-color has-text-color\">1. EEG Lannach<\/h1>\n\n\n\n<h2 class=\"wp-block-heading\">Nachhaltig. Regional. Fair<\/h2>\n\n\n\n<p>\u00d6koStrom aus der Region mit der 1. Erneuerbaren Energie Gemeinschaft Lannach<\/p>\n\n\n\n<figure class=\"wp-block-table\"><table class=\"has-fixed-layout\"><tbody><tr><td><\/td><td>Preise je kWh exkl. Ust<\/td><\/tr><tr><td><strong>Einspeiseverg\u00fctung<\/strong>:<\/td><td><strong>8 Cent<\/strong><\/td><\/tr><tr><td><\/td><td><\/td><\/tr><tr><td><strong>Bezugspreis:<\/strong><\/td><td><strong>14 Cent<\/strong><\/td><\/tr><tr><td><strong>Ersparnis in der EEG:<\/strong><\/td><td><\/td><\/tr><tr><td>  Netzkosten:<\/td><td>&#8211; 2,56 Cent*<\/td><\/tr><tr><td>  Elektrizit\u00e4tsabgabe:<\/td><td>&#8211; 1,50 Cent*<\/td><\/tr><tr><td>  Erneuerbare F\u00f6rderbeitr\u00e4ge:<\/td><td>&#8211; 0.796 Cent*<\/td><\/tr><tr><td><strong>tats\u00e4chlicher Bezugsprei<\/strong>s:<\/td><td><strong>9,144 Cent<\/strong><\/td><\/tr><\/tbody><\/table><\/figure>\n<\/div><figure class=\"wp-block-media-text__media\"><img loading=\"lazy\" decoding=\"async\" width=\"658\" height=\"563\" src=\"https:\/\/eeglannach.at\/wp-content\/uploads\/2024\/11\/Solar.png\" alt=\"\" class=\"wp-image-41 size-full\" srcset=\"https:\/\/eeglannach.at\/wp-content\/uploads\/2024\/11\/Solar.png 658w, https:\/\/eeglannach.at\/wp-content\/uploads\/2024\/11\/Solar-300x257.png 300w\" sizes=\"auto, (max-width: 658px) 100vw, 658px\" \/><\/figure><\/div>\n<\/div>\n\n\n\n<ul class=\"wp-block-list\">\n<li>4,856 Cent\/kWh (exkl. Ust.) Netzkosten- und Elektrizit\u00e4tsabgabenersparnis in der Energiegemeinschaft (EEG)*<\/li>\n\n\n\n<li>Alle Bestandsvertr\u00e4ge mit Stromlieferanten bleiben aufrecht<\/li>\n\n\n\n<li>Der Beitritt in die EEG ist zus\u00e4tzlich zu den Bestandsvertr\u00e4gen &#8211; wenn die Sonne scheint, dann kommt der Strom aus der Region<\/li>\n\n\n\n<li>Als Verbraucher kannst Du Deinen Strombedarf zu 30 bis 50% aus der Energiegemeinschaft decken &#8211; Tipp: schaue aus dem Fenster und nutze die Sonnenstunden um den Strom dann zu verbrauchen wenn er in der EEG von unseren PV-Anlagen produziert wird<\/li>\n\n\n\n<li>Als Einspeiser kannst Du ca. 67% Deines Stromes in die EEG liefern<\/li>\n\n\n\n<li>Hier kannst Du \u00fcberpr\u00fcfen ob Du der 1. EEG Lannach beitreten kannst: <a href=\"https:\/\/portal.e-netze.at\/nahbereich\"><mark style=\"background-color:rgba(0, 0, 0, 0)\" class=\"has-inline-color has-ast-global-color-7-color\">Energienetze Steiermark<\/mark><\/a> unser Umspannwerk ist: E310090-UM3<\/li>\n\n\n\n<li>Sollte Dein Umspannwerk nicht das UM3 sein, dann bieten wir den Beitritt in die BEG Lannach (B\u00fcrgerenergiegemeinschaft) an<\/li>\n\n\n\n<li>F\u00fcr Firmenkunden und Landwirte (Stromverbrauch &gt; 20 000kWh) erstellen wir gerne ein individuelles Angebot<\/li>\n\n\n\n<li>* bei NE 7 und nicht gemessene Leistung. Das sind die allermeisten normalen Haushalte. F\u00fcr jene Kilowattstunden, die aus der EEG bezogen werden, verrechnet der Netzbetreiber weniger Netzgeb\u00fchren und es entf\u00e4llt die Elektrizit\u00e4tsabgabe sowie die erneuerbaren F\u00f6rderbeitr\u00e4ge. Die Ersparnis wird auf Deiner Stromjahresabrechnung Deines regul\u00e4ren Stromanbieters ausgewiesen <\/li>\n<\/ul>\n<\/div><\/div>\n\n\n\n<h3 class=\"wp-block-heading\">Berechne Deinen Vorteil in der 1. EEG Lannach mit dem Stromkostenerparnisrechner:<\/h3>\n\n\n\n\n<div class=\"ccb-main-widget \" id=\"ccb_app_372\" data-calc-id=\"372\"><\/div>\n\n\n\n\n<p>Wir haben den Rechner mit einer Mindestdeckung Deines Strombedarfs von 30% aus der EEG Lannach bef\u00fcllt. Deine Stromkostenersparnis erh\u00f6ht sich, wenn Du Deinen Stromverbrauch nach den Sonnenstunden richtest. So kannst Du bis zu 50% Deines gesamten Strombedarfs und mehr aus erneuerbaren Energien aus der Energiegemeinschaft Lannach decken. <\/p>\n\n\n\n<div class=\"wp-block-group alignfull is-layout-constrained wp-container-core-group-is-layout-45b0ac4f wp-block-group-is-layout-constrained\" id=\"services\" style=\"padding-top:144px;padding-bottom:0px\">\n<h2 class=\"wp-block-heading\">Unsere PV Anlagen<\/h2>\n\n\n\n<div class=\"wp-block-columns is-layout-flex wp-container-core-columns-is-layout-60cbf9bb wp-block-columns-is-layout-flex\" style=\"margin-top:50px\">\n<div class=\"wp-block-column is-layout-flow wp-container-core-column-is-layout-6b73ce23 wp-block-column-is-layout-flow\">\n<figure class=\"wp-block-gallery has-nested-images columns-default is-cropped wp-block-gallery-1 is-layout-flex wp-block-gallery-is-layout-flex\">\n<figure class=\"wp-block-image size-full\"><img loading=\"lazy\" decoding=\"async\" width=\"2560\" height=\"1440\" data-id=\"103\" src=\"https:\/\/eeglannach.at\/wp-content\/uploads\/2024\/11\/DJI_0360-scaled.jpg\" alt=\"\" class=\"wp-image-103\" srcset=\"https:\/\/eeglannach.at\/wp-content\/uploads\/2024\/11\/DJI_0360-scaled.jpg 2560w, https:\/\/eeglannach.at\/wp-content\/uploads\/2024\/11\/DJI_0360-300x169.jpg 300w, https:\/\/eeglannach.at\/wp-content\/uploads\/2024\/11\/DJI_0360-1024x576.jpg 1024w, https:\/\/eeglannach.at\/wp-content\/uploads\/2024\/11\/DJI_0360-768x432.jpg 768w, https:\/\/eeglannach.at\/wp-content\/uploads\/2024\/11\/DJI_0360-1536x864.jpg 1536w, https:\/\/eeglannach.at\/wp-content\/uploads\/2024\/11\/DJI_0360-2048x1152.jpg 2048w\" sizes=\"auto, (max-width: 2560px) 100vw, 2560px\" \/><\/figure>\n<\/figure>\n\n\n\n<h3 class=\"wp-block-heading\" style=\"margin-top:16px\"><\/h3>\n\n\n\n<p><\/p>\n<\/div>\n\n\n\n<div class=\"wp-block-column is-layout-flow wp-container-core-column-is-layout-6b73ce23 wp-block-column-is-layout-flow\">\n<figure class=\"wp-block-image size-full\"><img loading=\"lazy\" decoding=\"async\" width=\"2560\" height=\"1440\" src=\"https:\/\/eeglannach.at\/wp-content\/uploads\/2024\/11\/DJI_0358-scaled.jpg\" alt=\"\" class=\"wp-image-102\" srcset=\"https:\/\/eeglannach.at\/wp-content\/uploads\/2024\/11\/DJI_0358-scaled.jpg 2560w, https:\/\/eeglannach.at\/wp-content\/uploads\/2024\/11\/DJI_0358-300x169.jpg 300w, https:\/\/eeglannach.at\/wp-content\/uploads\/2024\/11\/DJI_0358-1024x576.jpg 1024w, https:\/\/eeglannach.at\/wp-content\/uploads\/2024\/11\/DJI_0358-768x432.jpg 768w, https:\/\/eeglannach.at\/wp-content\/uploads\/2024\/11\/DJI_0358-1536x864.jpg 1536w, https:\/\/eeglannach.at\/wp-content\/uploads\/2024\/11\/DJI_0358-2048x1152.jpg 2048w\" sizes=\"auto, (max-width: 2560px) 100vw, 2560px\" \/><\/figure>\n\n\n\n<h3 class=\"wp-block-heading\" style=\"margin-top:16px\"><\/h3>\n\n\n\n<p><\/p>\n<\/div>\n\n\n\n<div class=\"wp-block-column is-layout-flow wp-container-core-column-is-layout-6b73ce23 wp-block-column-is-layout-flow\">\n<figure class=\"wp-block-image size-full\"><img loading=\"lazy\" decoding=\"async\" width=\"2560\" height=\"1440\" src=\"https:\/\/eeglannach.at\/wp-content\/uploads\/2024\/11\/DJI_0351-scaled.jpg\" alt=\"\" class=\"wp-image-104\" srcset=\"https:\/\/eeglannach.at\/wp-content\/uploads\/2024\/11\/DJI_0351-scaled.jpg 2560w, https:\/\/eeglannach.at\/wp-content\/uploads\/2024\/11\/DJI_0351-300x169.jpg 300w, https:\/\/eeglannach.at\/wp-content\/uploads\/2024\/11\/DJI_0351-1024x576.jpg 1024w, https:\/\/eeglannach.at\/wp-content\/uploads\/2024\/11\/DJI_0351-768x432.jpg 768w, https:\/\/eeglannach.at\/wp-content\/uploads\/2024\/11\/DJI_0351-1536x864.jpg 1536w, https:\/\/eeglannach.at\/wp-content\/uploads\/2024\/11\/DJI_0351-2048x1152.jpg 2048w\" sizes=\"auto, (max-width: 2560px) 100vw, 2560px\" \/><\/figure>\n\n\n\n<h3 class=\"wp-block-heading\" style=\"margin-top:16px\"><\/h3>\n\n\n\n<p><\/p>\n<\/div>\n<\/div>\n<\/div>\n\n\n\n<div class=\"wp-block-group alignfull has-ast-global-color-5-background-color has-background is-layout-constrained wp-container-core-group-is-layout-94d206d0 wp-block-group-is-layout-constrained\" id=\"about\" style=\"padding-top:143px;padding-bottom:144px\">\n<div class=\"wp-block-media-text has-media-on-the-right is-stacked-on-mobile is-vertically-aligned-center\" style=\"grid-template-columns:auto 54%\"><div class=\"wp-block-media-text__content\">\n<div class=\"inherit-container-width wp-block-group is-layout-constrained wp-container-core-group-is-layout-47ce07ec wp-block-group-is-layout-constrained\" style=\"padding-right:80px\">\n<h2 class=\"wp-block-heading\" style=\"padding-right:40px\">Wir helfen Ihnen beim Sparen<\/h2>\n\n\n\n<p><strong>Erneuerbare Energie, die verbindet!<\/strong> \ud83c\udf31\u26a1<br>Schlie\u00dfen Sie sich unserer Energiegemeinschaft an und profitieren Sie von nachhaltiger, regionaler Stromversorgung zu fairen Preisen. Gemeinsam senken wir Ihre Energiekosten und steigern die Unabh\u00e4ngigkeit.<\/p>\n\n\n\n<p><\/p>\n<\/div>\n<\/div><figure class=\"wp-block-media-text__media\"><img loading=\"lazy\" decoding=\"async\" width=\"1024\" height=\"613\" src=\"https:\/\/eeglannach.at\/wp-content\/uploads\/2024\/11\/Kontakt_EEGLannach-1024x613.jpg\" alt=\"\" class=\"wp-image-112 size-full\" srcset=\"https:\/\/eeglannach.at\/wp-content\/uploads\/2024\/11\/Kontakt_EEGLannach-1024x613.jpg 1024w, https:\/\/eeglannach.at\/wp-content\/uploads\/2024\/11\/Kontakt_EEGLannach-300x179.jpg 300w, https:\/\/eeglannach.at\/wp-content\/uploads\/2024\/11\/Kontakt_EEGLannach-768x460.jpg 768w, https:\/\/eeglannach.at\/wp-content\/uploads\/2024\/11\/Kontakt_EEGLannach-1536x919.jpg 1536w, https:\/\/eeglannach.at\/wp-content\/uploads\/2024\/11\/Kontakt_EEGLannach.jpg 2024w\" sizes=\"auto, (max-width: 1024px) 100vw, 1024px\" \/><\/figure><\/div>\n<\/div>\n\n\n\n<h3 class=\"wp-block-heading\">Unsere Geschichte: Die Gr\u00fcndung unserer Erneuerbaren Energie Gemeinschaft<\/h3>\n\n\n\n<p>Die Idee, die Energiewende aktiv mitzugestalten, entstand in einer ganz besonderen Zeit \u2013 zu Weihnachten. Zwischen Kerzenlicht und herzlicher Nachbarschaft wurden erste Gespr\u00e4che gef\u00fchrt, die den Grundstein f\u00fcr unsere Gemeinschaft legten. Siegfried Puster, Alexander Bejol und Karlheinz Grinschgl \u2013 drei engagierte Nachbarn mit einer gemeinsamen Vision \u2013 beschlossen, dass sie mehr tun wollten, als nur \u00fcber die Energiewende zu reden: Sie wollten aktiv handeln.<\/p>\n\n\n\n<p>Die \u00dcberzeugung war klar: Gemeinsam k\u00f6nnen wir mehr erreichen. Statt auf gro\u00dfe Energiekonzerne zu setzen, entschieden wir uns, unsere Kr\u00e4fte zu b\u00fcndeln und regionale, erneuerbare Energien in den Mittelpunkt zu stellen. Unser Ziel war es, eine lokale Energiegemeinschaft zu schaffen, die nicht nur nachhaltig arbeitet, sondern auch die Menschen in der Region enger zusammenbringt.<\/p>\n\n\n\n<p>Dabei ging es nicht nur um Umweltschutz, sondern auch um&nbsp;<strong>Unabh\u00e4ngigkeit<\/strong>. Wir wollten die Kontrolle \u00fcber unsere Energieversorgung zur\u00fcckgewinnen, weniger von schwankenden Strompreisen abh\u00e4ngig sein und gleichzeitig einen Beitrag f\u00fcr die n\u00e4chsten Generationen leisten.<\/p>\n\n\n\n<p>Was damals als kleine Idee unter Nachbarn begann, hat sich zu einer starken Gemeinschaft entwickelt. Heute sind wir stolz darauf, dass wir gemeinsam die Energiewende vorantreiben \u2013 und dabei auch noch wirtschaftlich voneinander profitieren.<\/p>\n\n\n\n<p>Unsere Geschichte zeigt: Wenn Menschen zusammenkommen und an einer gemeinsamen Vision arbeiten, k\u00f6nnen gro\u00dfe Dinge entstehen. Unsere Energiegemeinschaft ist ein lebendiger Beweis daf\u00fcr, dass jede Ver\u00e4nderung mit einer mutigen Entscheidung beginnt.<\/p>\n\n\n\n<div class=\"wp-block-group alignfull is-layout-constrained wp-container-core-group-is-layout-3fee123f wp-block-group-is-layout-constrained\" id=\"whyus\" style=\"padding-top:144px;padding-bottom:144px\">\n<h2 class=\"wp-block-heading\">Gr\u00fcnde f\u00fcr gr\u00fcnen Strom von der 1. EEG Lannach<\/h2>\n\n\n\n<div class=\"wp-block-columns is-layout-flex wp-container-core-columns-is-layout-29aadeec wp-block-columns-is-layout-flex\" style=\"margin-top:60px\">\n<div class=\"wp-block-column is-layout-flow wp-container-core-column-is-layout-6b73ce23 wp-block-column-is-layout-flow\">\n<figure class=\"wp-block-image size-large\"><img decoding=\"async\" src=\"https:\/\/eeglannach.at\/wp-content\/themes\/astra\/inc\/assets\/images\/starter-content\/passionate.svg\" alt=\"\" class=\"wp-image-162\"\/><\/figure>\n\n\n\n<h3 class=\"wp-block-heading\" style=\"margin-top:16px\">Leidenschaft<\/h3>\n\n\n\n<p>Wir lieben das was wir tun und etwas f\u00fcr die Umwelt zu tun.<\/p>\n<\/div>\n\n\n\n<div class=\"wp-block-column is-layout-flow wp-container-core-column-is-layout-6b73ce23 wp-block-column-is-layout-flow\">\n<figure class=\"wp-block-image size-large\"><img decoding=\"async\" src=\"https:\/\/eeglannach.at\/wp-content\/themes\/astra\/inc\/assets\/images\/starter-content\/professional.svg\" alt=\"\" class=\"wp-image-163\"\/><\/figure>\n\n\n\n<h3 class=\"wp-block-heading\" style=\"margin-top:16px\">Professionalit\u00e4t<\/h3>\n\n\n\n<p>Wir wissen was wir tun. <\/p>\n<\/div>\n\n\n\n<div class=\"wp-block-column is-layout-flow wp-container-core-column-is-layout-6b73ce23 wp-block-column-is-layout-flow\">\n<figure class=\"wp-block-image size-large\"><img decoding=\"async\" src=\"https:\/\/eeglannach.at\/wp-content\/themes\/astra\/inc\/assets\/images\/starter-content\/support.svg\" alt=\"\" class=\"wp-image-164\"\/><\/figure>\n\n\n\n<h3 class=\"wp-block-heading\" style=\"margin-top:16px\">Miteinander<\/h3>\n\n\n\n<p>Im Sinne der Umwelt!<\/p>\n<\/div>\n<\/div>\n<\/div>\n\n\n\n<div class=\"wp-block-group alignfull has-background is-layout-constrained wp-container-core-group-is-layout-cfcca693 wp-block-group-is-layout-constrained\" id=\"contact\" style=\"background:linear-gradient(35deg,rgb(0,195,177) 0%,rgb(127,203,76) 64%,rgb(249,220,33) 98%);padding-top:104px;padding-bottom:104px\">\n<h2 class=\"wp-block-heading has-text-align-center has-text-color\" style=\"color:#ffffff\">Lassen Sie sich von uns beraten!<\/h2>\n\n\n\n<div class=\"wp-block-buttons alignwide is-horizontal is-content-justification-center is-layout-flex wp-container-core-buttons-is-layout-bba8380a wp-block-buttons-is-layout-flex\" style=\"margin-top:50px\">\n<div class=\"wp-block-button\"><a class=\"wp-block-button__link wp-element-button\">office@eeglannach.at<\/a><\/div>\n\n\n\n<div class=\"wp-block-button\"><a class=\"wp-block-button__link wp-element-button\" href=\"tel:+436603472594\"> Verwaltung &#8211; Manuela Grinschgl: +43 660 3472594<\/a><\/div>\n\n\n\n<div class=\"wp-block-button\"><a class=\"wp-block-button__link wp-element-button\" href=\"tel:+436505155645\">Obmann &#8211; Alexander Bejol: +43 6505155645<\/a><\/div>\n\n\n\n<div class=\"wp-block-button\"><a class=\"wp-block-button__link wp-element-button\" href=\"tel:+436641065670\">Kassier &#8211; Siegfried Puster: +43 6641065670<\/a><\/div>\n\n\n\n<div class=\"wp-block-button\"><a class=\"wp-block-button__link wp-element-button\" href=\"tel:+436508440000\">Gr\u00fcndungsmitglied &#8211; Karlheinz Grinschgl: +43 6508440000<\/a><\/div>\n<\/div>\n<\/div>\n\n\n\n<p><\/p>\n","protected":false},"excerpt":{"rendered":"<p>Berechne Deinen Vorteil in der 1. EEG Lannach mit dem Stromkostenerparnisrechner: Wir haben den Rechner mit einer Mindestdeckung Deines Strombedarfs [&hellip;]<\/p>\n","protected":false},"author":1,"featured_media":0,"parent":0,"menu_order":0,"comment_status":"closed","ping_status":"closed","template":"","meta":{"site-sidebar-layout":"no-sidebar","site-content-layout":"plain-container","ast-site-content-layout":"","site-content-style":"default","site-sidebar-style":"default","ast-global-header-display":"","ast-banner-title-visibility":"","ast-main-header-display":"","ast-hfb-above-header-display":"","ast-hfb-below-header-display":"","ast-hfb-mobile-header-display":"","site-post-title":"disabled","ast-breadcrumbs-content":"","ast-featured-img":"","footer-sml-layout":"","theme-transparent-header-meta":"enabled","adv-header-id-meta":"","stick-header-meta":"","header-above-stick-meta":"","header-main-stick-meta":"","header-below-stick-meta":"","astra-migrate-meta-layouts":"default","ast-page-background-enabled":"default","ast-page-background-meta":{"desktop":{"background-color":"var(--ast-global-color-4)","background-image":"","background-repeat":"repeat","background-position":"center center","background-size":"auto","background-attachment":"scroll","background-type":"","background-media":"","overlay-type":"","overlay-color":"","overlay-opacity":"","overlay-gradient":""},"tablet":{"background-color":"","background-image":"","background-repeat":"repeat","background-position":"center center","background-size":"auto","background-attachment":"scroll","background-type":"","background-media":"","overlay-type":"","overlay-color":"","overlay-opacity":"","overlay-gradient":""},"mobile":{"background-color":"","background-image":"","background-repeat":"repeat","background-position":"center center","background-size":"auto","background-attachment":"scroll","background-type":"","background-media":"","overlay-type":"","overlay-color":"","overlay-opacity":"","overlay-gradient":""}},"ast-content-background-meta":{"desktop":{"background-color":"var(--ast-global-color-5)","background-image":"","background-repeat":"repeat","background-position":"center center","background-size":"auto","background-attachment":"scroll","background-type":"","background-media":"","overlay-type":"","overlay-color":"","overlay-opacity":"","overlay-gradient":""},"tablet":{"background-color":"var(--ast-global-color-5)","background-image":"","background-repeat":"repeat","background-position":"center center","background-size":"auto","background-attachment":"scroll","background-type":"","background-media":"","overlay-type":"","overlay-color":"","overlay-opacity":"","overlay-gradient":""},"mobile":{"background-color":"var(--ast-global-color-5)","background-image":"","background-repeat":"repeat","background-position":"center center","background-size":"auto","background-attachment":"scroll","background-type":"","background-media":"","overlay-type":"","overlay-color":"","overlay-opacity":"","overlay-gradient":""}},"footnotes":""},"class_list":["post-14","page","type-page","status-publish","hentry"],"_links":{"self":[{"href":"https:\/\/eeglannach.at\/index.php\/wp-json\/wp\/v2\/pages\/14","targetHints":{"allow":["GET"]}}],"collection":[{"href":"https:\/\/eeglannach.at\/index.php\/wp-json\/wp\/v2\/pages"}],"about":[{"href":"https:\/\/eeglannach.at\/index.php\/wp-json\/wp\/v2\/types\/page"}],"author":[{"embeddable":true,"href":"https:\/\/eeglannach.at\/index.php\/wp-json\/wp\/v2\/users\/1"}],"replies":[{"embeddable":true,"href":"https:\/\/eeglannach.at\/index.php\/wp-json\/wp\/v2\/comments?post=14"}],"version-history":[{"count":68,"href":"https:\/\/eeglannach.at\/index.php\/wp-json\/wp\/v2\/pages\/14\/revisions"}],"predecessor-version":[{"id":451,"href":"https:\/\/eeglannach.at\/index.php\/wp-json\/wp\/v2\/pages\/14\/revisions\/451"}],"wp:attachment":[{"href":"https:\/\/eeglannach.at\/index.php\/wp-json\/wp\/v2\/media?parent=14"}],"curies":[{"name":"wp","href":"https:\/\/api.w.org\/{rel}","templated":true}]}}